= 4*n + 1544, -2*n - 1714 = -4*k - 160. What is the tens digit of k?
9
Suppose 3*r = -r - 8. Let n(s) = 9*s - 7. Let w(y) = -9*y + 7. Let i(m) = -4*n(m) - 3*w(m). What is the units digit of i(r)?
5
Let g be (-154)/42 - (-15)/9. What is the hundreds digit of (4 - -834 - g) + -7?
8
Let k = -52 - -59. Let d be (1 - 1)/(k - 5). Suppose d = 3*h, -2*h - 193 = -4*l + 115. What is the units digit of l?
7
Suppose 20 = 5*q, 0 = 4*t + 3*q - 15495 - 13293. What is the thousands digit of t?
7
Let k(v) be the third derivative of v**5/60 + v**4/24 + 15*v**2. Let z be k(-1). Suppose -2*q + 92 = 4*m, z = 3*m - 0 + 6. What is the tens digit of q?
5
Suppose -63*o - 383337 = -143*o + 1491863. What is the units digit of o?
0
Suppose -5*v + 288*n - 283*n + 2395 = 0, 4*v - 5*n - 1918 = 0. What is the hundreds digit of v?
4
Let j be (1488/128)/(-31) - (-12)/32. Let d be (-2)/5*5/(-1). Suppose j = d*a - 116 - 156. What is the hundreds digit of a?
1
Suppose 0 = -5*g - 3*p + p + 25, 0 = 2*g + 5*p - 31. Suppose 290 = -g*b + 809. What is the units digit of b?
3
Let n(g) = 2*g**2 + 124*g + 279. What is the thousands digit of n(98)?
1
Let h = -53 - -53. Suppose 5*f + 2*f - 21 = h. Suppose 0 = 4*w - 2*w - 2*k - 248, -f*w = 4*k - 393. What is the tens digit of w?
2
Suppose -9*z + 78909 = -297417. What is the units digit of z?
4
Suppose 182*l - 181*l - 2*p - 2903 = 0, -4*l + 11633 = -p. What is the tens digit of l?
0
Suppose 8 = 11*h - 47. Suppose -h*c = -2*k - 155, -4*c + 155 = c + 3*k. What is the tens digit of c?
3
Suppose -23*d + 293270 = 48260 - 136215. What is the tens digit of d?
7
Let j be (-105)/(-6)*(96/(-20) - -6). Suppose 5*z - 870 = 135. Suppose j*q - z = 18*q. What is the units digit of q?
7
Suppose 114*b = 107*b - 11795. Let k = b - -3007. What is the thousands digit of k?
1
Let o(p) = p - 5. Let v(t) = -t + 6. Let q(s) = -3*o(s) - 2*v(s). Suppose -20*a - 416 = 6*a. What is the tens digit of q(a)?
1
Let v(x) = 30*x - 4. Let y = -19 - -17. Let n be v(y). Let l = -34 - n. What is the units digit of l?
0
Let l(j) = -108*j + 60*j - 72*j - 10 - 59*j. Let z be l(-1). Suppose -r + z = 3*a + 2*a, -875 = -5*r + 5*a. What is the tens digit of r?
7
Suppose 13*l = 12*l + 2335. What is the hundreds digit of l?
3
Let h(d) be the second derivative of d**5/10 - d**4/2 + 7*d**3/6 - 9*d**2 + 13*d. Let a(s) = s**2 + 5*s - 31. Let q be a(-9). What is the tens digit of h(q)?
1
Let q(w) = 22*w**2 - 2. Let n = -82 - -108. Suppose -1 = n*k - 27*k. What is the tens digit of q(k)?
2
Suppose 3*u + 2*u = -8*u + 69914. What is the tens digit of u?
7
Suppose -23*m + 23387 = 3*h - 22*m, 0 = -h + 3*m + 7789. What is the hundreds digit of h?
7
Let b(c) = -2*c**3 - 3*c**2 + c - 10. Suppose -28 = 4*u - 5*f, -13*f = -10*f. What is the hundreds digit of b(u)?
5
Suppose 12 = 8*f - 2*f. Suppose 2*v - 2496 = 5*y, f*v - 5*y = 7*v - 6205. What is the tens digit of v?
4
Suppose -r + 0*r + 3*m - 28 = 0, -2*r = -4*m + 56. What is the thousands digit of (-6 - (344/r - -2))*357?
1
Let b be (-21)/49 - (-148)/(-14). Let l = -11 - b. Suppose -2*v = -4*c - v + 76, l = -3*c - v + 50. What is the units digit of c?
8
Suppose 0 = x - 3 + 4. Let t be 24/(-3)*x/(-2). What is the tens digit of t/((-16)/90)*2?
4
Let n(f) = 33*f - 52. Let v(p) = p**2 + 6*p - 7. Let q be v(-8). Let m be n(q). Suppose 3*d = 5*d - 3*a - 163, -3*d + 4*a + m = 0. What is the tens digit of d?
8
Suppose 0 = -2*h + 3*r + 24395 + 30042, 0 = r - 1. What is the ten thousands digit of h?
2
Let g(z) = -3*z**2 - 32*z + 13. Let v be g(-11). Let i be (-3 - (-3)/1)/v. Suppose -a + 18*a - 2057 = i. What is the units digit of a?
1
Let z(t) = 1450*t**2 - 4*t - 3. Let y be z(2). Suppose 695*x + y = 702*x. What is the units digit of x?
7
Let c = 28153 - 18334. What is the units digit of c?
9
What is the ten thousands digit of 469/(-134)*155920/(-28)?
1
Let z(t) = -8*t + 15 - 8*t - 7*t. Let a(s) = -23*s + 16. Let j(v) = 6*a(v) - 7*z(v). What is the tens digit of j(5)?
0
Suppose 4*p + 24*u = 27*u + 180, 4*u = -3*p + 110. What is the units digit of 0 - (-31272)/p - 8/14?
4
Let b(c) = -617*c + 4147. What is the units digit of b(-17)?
6
Suppose -3*i = 5*r - 65248, 6*r + 1406*i - 78292 = 1401*i. What is the tens digit of r?
5
Suppose 119*n - 391881 = 98*n. What is the tens digit of n?
6
Suppose 1927*h = 1792*h + 8807265. What is the ten thousands digit of h?
6
Suppose -23*q + 22*q = -6206. Suppose -15*s = q - 15326. What is the hundreds digit of s?
6
Suppose 0 = -r + 2, -4*r = -5*g + 121 + 46. What is the tens digit of ((-10)/2)/5 + 7*g?
4
Suppose -5*i + 8*i = 6. Let f be 2 + 2/8 + i/(-8). Suppose 0 = -4*t + 3*t - f*g + 59, g = 3*t - 170. What is the units digit of t?
7
Let x(q) = 9*q**3 - 10*q**2 + 22*q - 93. What is the thousands digit of x(6)?
1
Let c = 658 - 653. Suppose 2880 = 5*g + 10*k - c*k, 3*k = 0. What is the hundreds digit of g?
5
Suppose -3*w + 0*w - z - 226 = 0, -5*z = -4*w - 295. Let l = 78 + w. Suppose -4*v = -4*y + 180, 95 = 2*y + 6*v - l*v. What is the tens digit of y?
4
Let o = 8029 + -3121. What is the units digit of o?
8
Let a be ((-42)/(-5))/(88/4180). What is the units digit of (-4 - -1) + a - -3?
9
What is the units digit of (14553/(-105))/(6/(-90))?
9
Suppose 19 + 47 = -2*g. Let k = 37 + g. Suppose 0 = 5*c - k*c - 18. What is the tens digit of c?
1
What is the tens digit of -15954*(-8)/24*3?
5
Let a = -1384 + 4009. Suppose 11*u - a = 5757. What is the units digit of u?
2
Suppose 0 = 18*l - 444 + 1848. What is the units digit of ((-6)/5)/(l/10920)?
8
Let v be (2 - -1)/((-12)/(-8)). Let c(p) = 2*p**2 - 19*p - 2 + 2 + p**v + 5. What is the tens digit of c(10)?
1
Let m(w) = -1294*w + 12632. What is the units digit of m(-23)?
4
Let n(p) = p - 8. Let c be n(9). Let z be (-64)/(-16) + (18 - c). Let t = z - 15. What is the units digit of t?
6
Suppose -7*v = 1 - 22. Suppose v*s = 2*s - 4*s. Suppose s = 9*i + 558 - 1638. What is the tens digit of i?
2
Let d(t) = t**3 - 15*t**2 + 23*t - 107. Let w be d(14). Let c(s) = -3 + 57 + 5*s - 2*s. What is the tens digit of c(w)?
1
Suppose -q + 4*h = 2*q + 4, -3 = 2*q - 3*h. Suppose -3*n + 15 = -q. Let c = n + 24. What is the tens digit of c?
2
Suppose -77*d = 33187 - 103180. What is the tens digit of d?
0
Suppose 94*m - 92*m + 45806 = 4*a, m - 57247 = -5*a. What is the tens digit of a?
5
Let n = -5677 - -18278. What is the tens digit of n?
0
Suppose -t + 52 = v - 526, 3*v = 2*t - 1151. What is the tens digit of t?
7
Let m be 5 + (-10)/5 - (-2293 - -1). Let h = m - 1363. What is the hundreds digit of h?
9
Let u(x) = 5*x**3 - 25*x**2 - 4*x + 316. What is the units digit of u(15)?
6
Suppose -4*b - g + 3163 = 0, 3953 = 5*b - 10*g + 11*g. Let z = b - 408. What is the tens digit of z?
8
Let t(k) = -231*k + 318. Let o be t(-7). Let n = o + -1068. What is the hundreds digit of n?
8
Let z = -15190 + 41294. What is the ten thousands digit of z?
2
Let d = 572 - 571. Let r(j) = j**3 - j**2 + 6*j + 1. Let a be r(6). What is the tens digit of (2 - d/1)*a?
1
Let d = -589 - -650. Let g(w) = 14*w**3 + 4*w**2 + 4. Let h be g(3). Suppose 63*n - d*n = h. What is the hundreds digit of n?
2
Let c(h) = 3*h**2 - 6*h + 8. Let g be c(6). Let p be ((1440/(-14))/20)/((-4)/(-98)). Let t = g - p. What is the tens digit of t?
0
Let y(w) = w**2 - 10*w + 1. Let r be y(4). Let h = r - -31. Suppose h*f - 1 = 375. What is the units digit of f?
7
Suppose -3*d + 39 = 4*k, 4*d - 8*d - 36 = -2*k. Suppose -k*b = -0*b - 4800. What is the hundreds digit of b?
4
Let b(k) = k**3 - 5*k**2 - 8*k + 15. Suppose -6*p - 34 = -3*a - 2*p, 28 = 4*a - p. What is the units digit of b(a)?
3
Let v be 299/92 - (-5)/(-4). Suppose 3*t - 2*u - 679 = 0, 0 = 6*t - v*t - u - 907. What is the units digit of t?
7
What is the hundreds digit of 5900/(20/4) + -3?
1
Let m be 2 + (4/6 - (-2)/(-3)). Suppose -3*u + 4*y = -16, -1 = 3*u - m*y - 27. Suppose -552 = 4*p - u*p. What is the units digit of p?
9
Suppose -8386 = -5*l + 4*u, 2*u - 1700 = -3*l + 3336. Suppose l = 9*y - 2516. What is the units digit of y?
6
Suppose -25*d - 31962 = -30*d + 3*t, 3*t = d - 6378. What is the tens digit of d?
9
Suppose -4*c + 57 = -55. Let i = c - 23. Suppose -i*y + 11 = -29. What is the units digit of y?
8
Suppose -31*r = -156*r + 586000. What is the hundreds digit of r?
6
Suppose -j = 4*u + 39